{"id":1087,"date":"2024-01-30T15:18:48","date_gmt":"2024-01-30T12:18:48","guid":{"rendered":"https:\/\/wordpreshosting.com\/knt\/?post_type=product&#038;p=1087"},"modified":"2026-02-08T19:42:14","modified_gmt":"2026-02-08T16:42:14","slug":"42m-catili-konteyner","status":"publish","type":"product","link":"https:\/\/wordpreshosting.com\/knt\/42m-catili-konteyner\/","title":{"rendered":"42 M\u00b2 \u00c7ATILI KONTEYNER"},"content":{"rendered":"\r\n<figure class=\"wp-block-table is-style-stripes\">\r\n<h2>42 M\u00b2 \u00c7at\u0131l\u0131 Konteyner Malzemeleri<\/h2>\r\n<p>Bu yap\u0131, y\u00fcksek kaliteli ve dayan\u0131kl\u0131 malzemelerle donat\u0131lm\u0131\u015f, konforlu ve kullan\u0131\u015fl\u0131 bir ya\u015fam alan\u0131 sunar. A\u015fa\u011f\u0131da kullan\u0131lan malzemelerin ve ekipmanlar\u0131n detayl\u0131 listesini bulabilirsiniz:<\/p>\r\n<table>\r\n<thead>\r\n<tr>\r\n<th>Malzeme \/ Ekipman<\/th>\r\n<th>\u00d6zellikler<\/th>\r\n<\/tr>\r\n<\/thead>\r\n<tbody>\r\n<tr>\r\n<td>BETOPAN 14mm Alt Taban<\/td>\r\n<td>Betopan Kaplamas\u0131<\/td>\r\n<\/tr>\r\n<tr>\r\n<td>SANDV\u0130\u00c7 PANEL 40mm<\/td>\r\n<td>Sandvi\u00e7 Panel<\/td>\r\n<\/tr>\r\n<tr>\r\n<td>M\u0130NEFLO 1-2mm<\/td>\r\n<td>Mineflo Yer D\u00f6\u015femesi<\/td>\r\n<\/tr>\r\n<tr>\r\n<td>LAMB\u0130R\u0130 10mm<\/td>\r\n<td>Kal\u0131nl\u0131\u011f\u0131nda Pvc Lambiri<\/td>\r\n<\/tr>\r\n<tr>\r\n<td>CAM Y\u00dcN\u00dc 50mm<\/td>\r\n<td>Kal\u0131nl\u0131\u011f\u0131nda Cam Y\u00fcn\u00fc<\/td>\r\n<\/tr>\r\n<tr>\r\n<td>TRAPEZ SA\u00c7 0,5mm<\/td>\r\n<td>\u00d6zel Profil Galvaniz Sa\u00e7<\/td>\r\n<\/tr>\r\n<tr>\r\n<td>DI\u015e KAPI 900x2000mm<\/td>\r\n<td>40mm Kal\u0131nl\u0131\u011f\u0131nda Sa\u00e7 Kap\u0131<\/td>\r\n<\/tr>\r\n<tr>\r\n<td>\u0130\u00c7 KAPI 800x2000mm<\/td>\r\n<td>Amerikan Pres Panel Kap\u0131<\/td>\r\n<\/tr>\r\n<tr>\r\n<td>KAPI K\u0130L\u0130D\u0130 &amp; KOLU<\/td>\r\n<td>Kap\u0131 Kilidi ve Kap\u0131 Kolu<\/td>\r\n<\/tr>\r\n<tr>\r\n<td>PENCERE 100\u00d7120<\/td>\r\n<td>Pvc Pencere<\/td>\r\n<\/tr>\r\n<tr>\r\n<td>MENFEZ 15\u00d715<\/td>\r\n<td>Menfez<\/td>\r\n<\/tr>\r\n<tr>\r\n<td>\u0130\u00c7 GLOP<\/td>\r\n<td>\u0130\u00e7 Ayd\u0131nlatmalar<\/td>\r\n<\/tr>\r\n<tr>\r\n<td>KABLOLAR<\/td>\r\n<td>NYM 3\u00d71,5 \u2013 3\u00d72,5mm\u00b2 (TSE \u2013 ISO) Kablolar<\/td>\r\n<\/tr>\r\n<tr>\r\n<td>NYM KABLO<\/td>\r\n<td>220 Volt Kapasiteli 1034 NYM Kablo<\/td>\r\n<\/tr>\r\n<tr>\r\n<td>S\u0130GORTA KUTUSU<\/td>\r\n<td>TSE\u2019li 2\u2019li Kapak S\u0131va \u00dcst\u00fc<\/td>\r\n<\/tr>\r\n<tr>\r\n<td>PR\u0130Z<\/td>\r\n<td>TSE\u2019li S\u0131va \u00dcst\u00fc Priz<\/td>\r\n<\/tr>\r\n<tr>\r\n<td>ANAHTAR<\/td>\r\n<td>TSE\u2019li S\u0131va \u00dcst\u00fc Anahtar<\/td>\r\n<\/tr>\r\n<tr>\r\n<td>BORULAR<\/td>\r\n<td>Tesisat ve borular mevcuttur<\/td>\r\n<\/tr>\r\n<tr>\r\n<td>KLOZET<\/td>\r\n<td>Alafranga Klozet Seti<\/td>\r\n<\/tr>\r\n<tr>\r\n<td>LAVABO<\/td>\r\n<td>El y\u0131kama lavabosu mevcuttur<\/td>\r\n<\/tr>\r\n<tr>\r\n<td>DU\u015e TEKNES\u0130 70x70cm<\/td>\r\n<td>Du\u015f Teknesi<\/td>\r\n<\/tr>\r\n<tr>\r\n<td>MUSLUKLAR<\/td>\r\n<td>Musluklar mevcuttur<\/td>\r\n<\/tr>\r\n<tr>\r\n<td>MUTFAK EVYES\u0130 100\u00d750<\/td>\r\n<td>Mutfak evyesi<\/td>\r\n<\/tr>\r\n<\/tbody>\r\n<\/table>\r\n<\/figure>","protected":false},"excerpt":{"rendered":"<h2>42 M\u00b2 \u00c7at\u0131l\u0131 Konteyner Boyutu<\/h2>\n<h2>Fiyatlar\u0131m\u0131z KDV Dahildir.<\/h2>\n<table>\n<thead>\n<tr>\n<th>\u00d6l\u00e7\u00fc<\/th>\n<th>De\u011fer (Birim)<\/th>\n<\/tr>\n<\/thead>\n<tbody>\n<tr>\n<td>Geni\u015flik<\/td>\n<td>7,00 m<\/td>\n<\/tr>\n<tr>\n<td>Derinlik<\/td>\n<td>3,00 m<\/td>\n<\/tr>\n<tr>\n<td>**Toplam Alan**<\/td>\n<td>21,00 m\u00b2<\/td>\n<\/tr>\n<tr>\n<td>**\u00c7at\u0131 Alan\u0131**<\/td>\n<td>42,00 m\u00b2<\/td>\n<\/tr>\n<\/tbody>\n<\/table>\n<ul>\n<li><strong>\u00dccretsiz<\/strong> kurulum<\/li>\n<li>\u0130\u015f\u00e7ilik hatalar\u0131na kar\u015f\u0131 <strong>1 y\u0131l garanti.<\/strong><\/li>\n<\/ul>\n","protected":false},"featured_media":3181,"comment_status":"open","ping_status":"closed","template":"","meta":[],"product_brand":[],"product_cat":[39,19],"product_tag":[50,53],"class_list":{"0":"post-1087","1":"product","2":"type-product","3":"status-publish","4":"has-post-thumbnail","6":"product_cat-hazir-konteyner-ev","7":"product_cat-konteyner-ev","8":"product_tag-2-1-konteyner","9":"product_tag-42-metrekare-konteyner","11":"first","12":"instock","13":"taxable","14":"shipping-taxable","15":"purchasable","16":"product-type-simple"},"_links":{"self":[{"href":"https:\/\/wordpreshosting.com\/knt\/wp-json\/wp\/v2\/product\/1087","targetHints":{"allow":["GET"]}}],"collection":[{"href":"https:\/\/wordpreshosting.com\/knt\/wp-json\/wp\/v2\/product"}],"about":[{"href":"https:\/\/wordpreshosting.com\/knt\/wp-json\/wp\/v2\/types\/product"}],"replies":[{"embeddable":true,"href":"https:\/\/wordpreshosting.com\/knt\/wp-json\/wp\/v2\/comments?post=1087"}],"wp:featuredmedia":[{"embeddable":true,"href":"https:\/\/wordpreshosting.com\/knt\/wp-json\/wp\/v2\/media\/3181"}],"wp:attachment":[{"href":"https:\/\/wordpreshosting.com\/knt\/wp-json\/wp\/v2\/media?parent=1087"}],"wp:term":[{"taxonomy":"product_brand","embeddable":true,"href":"https:\/\/wordpreshosting.com\/knt\/wp-json\/wp\/v2\/product_brand?post=1087"},{"taxonomy":"product_cat","embeddable":true,"href":"https:\/\/wordpreshosting.com\/knt\/wp-json\/wp\/v2\/product_cat?post=1087"},{"taxonomy":"product_tag","embeddable":true,"href":"https:\/\/wordpreshosting.com\/knt\/wp-json\/wp\/v2\/product_tag?post=1087"}],"curies":[{"name":"wp","href":"https:\/\/api.w.org\/{rel}","templated":true}]}}